 32.
29
Let g = -3 - -19. Suppose -s = 15 - 35. Suppose s = 4*c - g. Calculate the remainder when 26 is divided by c.
8
Suppose 2*j + 2*j = 52. What is the remainder when j is divided by 8?
5
Suppose -3*q - 1 = t - 6, -5*t - 3*q = -73. Let n = -4 + t. Calculate the remainder when 25 is divided by n.
12
Let y(z) = z**3 + 11*z**2 + 3*z - 8. Calculate the remainder when y(-7) is divided by 24.
23
Suppose -24 - 32 = -4*b. Suppose 3*z = 12, -3*q - 4*z + 0*z + 37 = 0. Suppose q*c - 40 = 2*c. Calculate the remainder when b is divided by c.
6
Suppose 69 = 3*a + 24. Suppose -a = -v - 1. Calculate the remainder when 25 is divided by v.
11
Let w(d) = d**2 - 19 - 4*d - 3*d**2 + 15*d + 16*d**2 + d**3. Calculate the remainder when 19 is divided by w(-13).
5
Suppose -5*p = 5*v - 6*v + 63, 4*p - 56 = -2*v. Let w(g) = -4*g**2 + 2*g - 1. Let h be w(2). Let b = h + v. What is the remainder when b is divided by 13?
12
Suppose 0*o + 3*o - 317 = -2*p, -5*o = -3*p + 447. Let i = -107 + p. What is the remainder when i is divided by 16?
15
Let g be (-4 + 0)*(-7)/4. Let d = 21 - g. What is the remainder when 24 is divided by 0 + -2 - (-1 - d)?
11
Let s(t) = 3*t - 19. What is the remainder when 51 is divided by s(11)?
9
Let v(x) be the second derivative of 3*x**3/2 - x**2 - x. Calculate the remainder when v(2) is divided by 9.
7
Let z be ((-64)/(-24))/((-4)/(-6)). Let y = 0 - z. What is the remainder when 7 is divided by (-9 - y)*4/(-5)?
3
Suppose 4*o + d - 85 = 0, 30 - 10 = 4*d. Suppose -7*t + 3*t + 5*z + 72 = 0, -3*t + 54 = z. Let m = t + -7. Calculate the remainder when o is divided by m.
9
Suppose h - 64 + 20 = 5*t, -4*t + 53 = h. Calculate the remainder when h is divided by (0 - 2)*34/(-4).
15
Let m(r) = -r - 2. Let j be m(-5). Suppose -2*q = q - 4*o - 102, -4*q + 143 = -j*o. Let l = 20 - 7. Calculate the remainder when q is divided by l.
12
Suppose 0 = 4*r - 6 - 2. Suppose 5*x - 4*k = 4*x - 4, -6 = -r*k. Suppose 24 = 2*b - x. What is the remainder when 47 is divided by b?
15
Suppose -417 = -4*a - 141. What is the remainder when a is divided by 29?
11
Let b be (9/3)/(-3)*13. Let c = -2 - b. Calculate the remainder when c is divided by 4.
3
Let w = -6 + 4. Calculate the remainder when w/((4/(-39))/2) is divided by 10.
9
Suppose b + 2*s - 23 = -6, -4*b + 43 = 3*s. What is the remainder when b is divided by 2?
1
Suppose 30 + 9 = -m. Let j(q) = -q**3 + 8*q**2 - 14*q + 14. What is the remainder when m*1/((-6)/10) is divided by j(4)?
21
Let k be 4/(-12) - 10/(-3). Suppose -k*w - 2*w = -80. Suppose f - 2*f = -9. Calculate the remainder when w is divided by f.
7
Let i(b) = -3*b + 1. Calculate the remainder when i(-1) is divided by 2 - 0*(-3)/9.
0
Let n = 69 + -30. What is the remainder when 114 is divided by n?
36
Suppose -2*x + 88 = 2*x. Calculate the remainder when 21 is divided by x/(4/(6/3)).
10
Let i(t) = 8*t**2 - 2*t - 1. Let k = 2 + -3. What is the remainder when (1/1 - 1) + 16 is divided by i(k)?
7
Suppose 3*o = 4*o. Suppose -x + o*x = -5. What is the remainder when 13 is divided by x?
3
Suppose 0 = -3*j + 27 + 30. Suppose -4*l = -5*n + 9, l + 0*n + 3*n = j. Suppose l*o - 5*o + 17 = 0. What is the remainder when 31 is divided by o?
14
Suppose -2*n + 2 = -3*n. Let r = -179 - -87. What is the remainder when r/n + (4 - 3) is divided by 12?
11
Let i = -195 - -240. What is the remainder when i is divided by (-30)/1*(-2)/5?
9
Let h(n) = n**3 + 19*n**2 + 30*n + 13. What is the remainder when h(-17) is divided by 25?
6
Suppose 4*j + 2*l - 18 = 0, -5 = j - 3*j + 3*l. Calculate the remainder when 15 is divided by j.
3
Calculate the remainder when 148 is divided by 51/((-3)/(-12)*4).
46
Let i = -166 + 183. What is the remainder when 47 is divided by i?
13
Let s be 1/(1/6 - 0). Let x = 12 - s. Calculate the remainder when 1 - (-5)/((-10)/(-18)) is divided by x.
4
Let n(d) = 5*d + 8. Let x be n(-4). What is the remainder when 18 is divided by x/8 - (-33)/6?
2
What is the remainder when 11 is divided by (-1 - 8/(-2)) + -1 + 2?
3
Let r(x) = x**3 - 18*x**2 + 18*x + 23. Let n = 62 + -41. Suppose -2*i + 3*i = n. Calculate the remainder when r(17) is divided by i.
19
Let c = 17 - 9. Let w(d) be the second derivative of 2*d**3/3 - 11*d**2/2 + 4*d. Calculate the remainder when w(10) is divided by c.
5
Suppose 5*a = 0, 5*a + 6 = 4*j - 2. Let z = 7 - j. Calculate the remainder when z is divided by 3.
2
Let q = 14 - 14. Suppose q = -3*b - y + 191 - 57, 0 = -3*b - 3*y + 132. Calculate the remainder when b is divided by 16.
13
Suppose 3*x - w - 54 + 8 = 0, 0 = -2*x + 5*w + 9. What is the remainder when x is divided by 9?
8
Let t be 12/(-15)*(-5)/2. Suppose -t*u = 2*u - 12. Suppose -4 - 29 = -u*v. What is the remainder when 32 is divided by v?
10
Let b be (-1)/(-3) - 25/(-15). Let g be (b/(-4))/((-2)/(-112)). Let m = g - -43. Calculate the remainder when 28 is divided by m.
13
Calculate the remainder when 34/(-2)*-8 - -2 is divided by 47.
44
Let j(f) = 5*f**2 - f + 3. Calculate the remainder when j(-2) is divided by 16.
9
Suppose -2*f = 6, -4*w - 3*f - 14 = -1. Let l = 2 - w. Suppose -27 = -l*a - 2*a - 3*t, -3*a + 19 = -t. What is the remainder when 10 is divided by a?
4
Let h = 65 - 32. Calculate the remainder when h is divided by 18.
15
Suppose 5*u = 3*u + 74. Let h(i) = -i**2. Let y be h(0). Let n(p) = p**3 - p**2 - p + 13. Calculate the remainder when u is divided by n(y).
11
Suppose 5*l = -3*z + 286, -l + 58 = -0*l + z. Suppose -3*p = -l - 67. What is the remainder when p is divided by 22?
19
Suppose 5*g - y - 106 = -2*y, -5*y + 5 = 0. What is the remainder when 185 is divided by g?
17
Let l(q) = 3*q - 24*q**2 - 17 + 12*q**2 + 13*q**2. What is the remainder when 29 is divided by l(-7)?
7
Suppose 0*y - 139 = -5*g - 2*y, 2*g = -3*y + 60. What is the remainder when 159 is divided by g?
24
Let o(z) = z - 10. Let l be o(8). Calculate the remainder when ((-185)/10)/(l/4) is divided by 13.
11
Suppose -14*t + 8*t = -48. Suppose 2*r + 41 = -57. Let a = r + 80. Calculate the remainder when a is divided by t.
7
Let j = -40 + 60. What is the remainder when 79 is divided by j?
19
Let g(n) = 2*n - 2. Suppose 4*w + 7 = 3*w. Calculate the remainder when 2/((-2)/w - 0) is divided by g(3).
3
Suppose -4*k - 4 = 2*i, -3*i + 2*k = -12 - 6. What is the remainder when 12 is divided by (-2)/i*56/(-4)?
5
Let l = 15 + -13. What is the remainder when 34 is divided by l - (-1 + 0)*7?
7
Let j be 2/(-7) + 195/21. Let z = -6 + j. Suppose -4*h + z*h + 10 = 0. Calculate the remainder when 19 is divided by h.
9
Let k(x) = -3*x**2 + x - 25. Suppose -3*r + 2*r = 1. Let q(g) = g**2 - g. Let h(t) = r*k(t) - 2*q(t). Calculate the remainder when h(0) is divided by 9.
7
Let m(q) = q**2 - 3*q + 4. What is the remainder when 31 is divided by m(4)?
7
Suppose 3*j = m + 6, 10 = 4*m - 2. What is the remainder when (2/4)/(6/588) is divided by (j - 2)/((-1)/(-17))?
15
Suppose -6*q + q = -50. Let r(n) = n**2 + 5*n. Let u be r(-5). Suppose y - 2*y + 6 = u. Calculate the remainder when q is divided by y.
4
Suppose 3*s + 136 = 7*s. What is the remainder when (6/3 - s)*-1 is divided by 11?
10
Let x = 8 + -6. Suppose 0 = 4*c + d - 5, -d = -2*c + 3*d + 16. What is the remainder when (x/(-6))/(2/(-30)) is divided by c?
1
Let n(a) = 3*a**2 + 6*a - 19. Calculate the remainder when n(6) is divided by 14.
13
Suppose 0 = -2*i - 0*i + 84. What is the remainder when 81 is divided by i?
39
What is the remainder when 55 is divided by 21/2*28/21?
13
Suppose 2*y = 7 + 13. Let b(g) = -2*g - 3. Let j be b(-6). Let r(u) = u**3 - 9*u**2 + 3*u + 2. What is the remainder when r(j) is divided by y?
9
Calculate the remainder when (-1)/(-3)*(-4 - -34) is divided by 6.
4
Suppose 3*l - l - 4 = 0. Suppose -34 = -l*t - 0*t. Suppose z + 0*z - 32 = 0. What is the remainder when z is divided by t?
15
Let a = 12 + -2. Suppose 2*y + 92 = 4*y. Suppose -y - 38 = -3*g. What is the remainder when g is divided by a?
8
Suppose 0*p = -2*p. Suppose -7 = -p*s - s. Calculate the remainder when 13 is divided by s.
6
Suppose 4*t - 21 = 3*t. Calculate the remainder when 64 is divided by t.
1
Let z = -8 - -13. Suppose 4*t - 2 + 18 = -2*n, -z*t - 20 = -3*n. Calculate the remainder when 22 is divided by 24*((-2)/t + 0).
10
Calculate the remainder when 40 is divided by (-3 + 2)/((-3